{"id":40,"date":"2021-11-08T16:43:17","date_gmt":"2021-11-08T16:43:17","guid":{"rendered":"http:\/\/www.noslaves.se\/?page_id=40"},"modified":"2026-03-27T12:56:57","modified_gmt":"2026-03-27T12:56:57","slug":"kontakta-oss","status":"publish","type":"page","link":"https:\/\/www.noslaves.se\/index.php\/kontakta-oss\/","title":{"rendered":"Kontakta oss"},"content":{"rendered":"\n<figure class=\"wp-block-pullquote has-border-color\" style=\"border-color:#db4f3d\"><blockquote><p>Vill du veta mer? Tveka inte och ta kontakt med oss. Vi kan \u00e4ven bes\u00f6ka er f\u00f6rsamling f\u00f6r att ber\u00e4tta mer om No Slaves och om hur just ni kan vara med i detta viktiga arbete.<\/p><\/blockquote><\/figure>\n\n\n\n<h3 class=\"wp-block-heading\">Engagera dig<\/h3>\n\n\n\n<p>Det finns flera s\u00e4tt att vara med:                     <\/p>\n\n\n\n<p>&#8211; Bli v\u00e5r b\u00f6nepartner <\/p>\n\n\n\n<p>&#8211; Ge en eng\u00e5ngsg\u00e5va <\/p>\n\n\n\n<p>&#8211; Ge ett l\u00f6pande underh\u00e5ll  <\/p>\n\n\n\n<div class=\"wp-block-group\"><div class=\"wp-block-group__inner-container is-layout-flow wp-block-group-is-layout-flow\">\n<p><\/p>\n\n\n\n<h3 class=\"wp-block-heading\">Kontakt<\/h3>\n\n\n\n<p><\/p>\n\n\n\n<p>Hans Olofsson <br>070-342 47 30 <br>hans.olofsson@noslaves.se<\/p>\n\n\n\n<p><\/p>\n\n\n\n<p>Stefan Beimark                                                                                   <br>070-518 99 96                                                                                      <br>stefan.beimark@pingst-ovik.se  <\/p>\n\n\n\n<p>Helena Jakobsson<br>070- 598 89 70<br>helena.jakobsson@pingst-ovik.se                                                          <\/p>\n<\/div><\/div>\n\n\n\n<p><\/p>\n\n\n\n<p>Vill du ge en g\u00e5va direkt? Det g\u00e5r bra att swisha till <strong>123 140 51 17 <\/strong>eller scanna QR-koden h\u00e4r nedan f\u00f6r att sk\u00e4nka valfritt belopp. <\/p>\n\n\n\n<figure class=\"wp-block-image size-full is-resized\"><img loading=\"lazy\" decoding=\"async\" width=\"300\" height=\"300\" src=\"http:\/\/www.noslaves.se\/wp-content\/uploads\/2021\/11\/qr-kod-no-slaves-ej-fast-belopp7414.png\" alt=\"\" class=\"wp-image-64\" style=\"width:192px;height:192px\" srcset=\"https:\/\/www.noslaves.se\/wp-content\/uploads\/2021\/11\/qr-kod-no-slaves-ej-fast-belopp7414.png 300w, https:\/\/www.noslaves.se\/wp-content\/uploads\/2021\/11\/qr-kod-no-slaves-ej-fast-belopp7414-150x150.png 150w\" sizes=\"auto, (max-width: 300px) 100vw, 300px\" \/><\/figure>\n\n\n\n<p><\/p>\n","protected":false},"excerpt":{"rendered":"<p>Vill du veta mer? Tveka inte och ta kontakt med oss. Vi kan \u00e4ven bes\u00f6ka er f\u00f6rsamling f\u00f6r att ber\u00e4tta<\/p>\n<p><a href=\"https:\/\/www.noslaves.se\/index.php\/kontakta-oss\/\" class=\"more-link\">Continue reading<span class=\"screen-reader-text\">Kontakta oss<\/span><\/a><\/p>\n","protected":false},"author":1,"featured_media":0,"parent":0,"menu_order":0,"comment_status":"closed","ping_status":"closed","template":"","meta":{"footnotes":""},"class_list":["post-40","page","type-page","status-publish","hentry"],"_links":{"self":[{"href":"https:\/\/www.noslaves.se\/index.php\/wp-json\/wp\/v2\/pages\/40","targetHints":{"allow":["GET"]}}],"collection":[{"href":"https:\/\/www.noslaves.se\/index.php\/wp-json\/wp\/v2\/pages"}],"about":[{"href":"https:\/\/www.noslaves.se\/index.php\/wp-json\/wp\/v2\/types\/page"}],"author":[{"embeddable":true,"href":"https:\/\/www.noslaves.se\/index.php\/wp-json\/wp\/v2\/users\/1"}],"replies":[{"embeddable":true,"href":"https:\/\/www.noslaves.se\/index.php\/wp-json\/wp\/v2\/comments?post=40"}],"version-history":[{"count":8,"href":"https:\/\/www.noslaves.se\/index.php\/wp-json\/wp\/v2\/pages\/40\/revisions"}],"predecessor-version":[{"id":129,"href":"https:\/\/www.noslaves.se\/index.php\/wp-json\/wp\/v2\/pages\/40\/revisions\/129"}],"wp:attachment":[{"href":"https:\/\/www.noslaves.se\/index.php\/wp-json\/wp\/v2\/media?parent=40"}],"curies":[{"name":"wp","href":"https:\/\/api.w.org\/{rel}","templated":true}]}}