{"id":2,"date":"2021-08-22T10:31:05","date_gmt":"2021-08-22T10:31:05","guid":{"rendered":"http:\/\/www.noslaves.se\/?page_id=2"},"modified":"2026-03-27T13:52:42","modified_gmt":"2026-03-27T13:52:42","slug":"sample-page","status":"publish","type":"page","link":"https:\/\/www.noslaves.se\/","title":{"rendered":"Minst 50 miljoner m\u00e4nniskor"},"content":{"rendered":"\n<p>lever idag i n\u00e5gon form av slaveri. Tv\u00e4rtemot vad m\u00e5nga tror s\u00e5 avskaffades inte slaveriet under 1800-talet. Det forts\u00e4tter att f\u00e5nga och skada m\u00e4nniskor i hela v\u00e4rlden \u00e4n idag.<\/p>\n\n\n\n<blockquote class=\"wp-block-quote is-layout-flow wp-block-quote-is-layout-flow\">\n<p>Kvinnor pressas till prostitution, ton\u00e5rstjejer gifts bort, m\u00e4n tvingas arbeta p\u00e5 fiskeb\u00e5tar, barn utnyttjas att knyta mattor och g\u00f6ra tegelstenar. I hela v\u00e4rlden utnyttjas m\u00e4nniskor och hela familjer i det vi idag kallar modernt slaveri.<\/p>\n<\/blockquote>\n\n\n\n<p class=\"has-text-align-center\">Vi kan inte l\u00e4ngre st\u00e5 och titta p\u00e5. D\u00e4rf\u00f6r startade vi i Pingstkyrkan \u00d6rnsk\u00f6ldsvik n\u00e4tverket No Slaves. Vi arbetar tillsammans med PMU, IBRA och m\u00e5nga f\u00f6rsamlingar och kyrkor runt om i landet f\u00f6r att tillsammans befria slavar och motverka slaveriet.<\/p>\n\n\n\n<p class=\"has-text-align-center\">Sedan starten 2017 har vi varit med och befriat mer \u00e4n 1 200 m\u00e4nniskor fr\u00e5n slaveri.<\/p>\n\n\n\n<figure class=\"wp-block-pullquote\"><blockquote><p>Han har s\u00e4nt mig att utropa frihet f\u00f6r de f\u00e5ngna &#8211; Luk 4:18<\/p><\/blockquote><\/figure>\n\n\n\n<p><strong>Modernt slaveri i siffror<\/strong> <br>Minst 50 miljoner m\u00e4nniskor lever i modernt slaveri <br>4,3 miljoner av dem \u00e4r slavar inom sexindustrin <br>71% av dem \u00e4r kvinnor <br>25% av slavarna \u00e4r barn <br>150 miljarder USD genereras fr\u00e5n slavkraft i illegala vinster per \u00e5r. <br> <br><\/p>\n\n\n\n<figure class=\"wp-block-pullquote\"><blockquote><p>Att vara en slav inneb\u00e4r att man:<br><strong>Betraktas och behandlas som egendom. Slav\u00e4garen l\u00e5ter vanligen slavarna utf\u00f6ra tv\u00e5ngsarbete och kan \u00e4ven s\u00e4lja slaven vidare. <br>Genom fysiska eller psykiska hot pressas slaven till arbete utan att f\u00e5 l\u00f6n och utan frihet att v\u00e4lja n\u00e5got annat.<\/strong><\/p><\/blockquote><\/figure>\n\n\n\n<blockquote class=\"wp-block-quote is-layout-flow wp-block-quote-is-layout-flow\">\n<p>Visst vill du vara med och motverka det moderna slaveriet?<\/p>\n<\/blockquote>\n\n\n\n<p><\/p>\n","protected":false},"excerpt":{"rendered":"<p>lever idag i n\u00e5gon form av slaveri. Tv\u00e4rtemot vad m\u00e5nga tror s\u00e5 avskaffades inte slaveriet under 1800-talet. Det forts\u00e4tter att<\/p>\n<p><a href=\"https:\/\/www.noslaves.se\/\" class=\"more-link\">Continue reading<span class=\"screen-reader-text\">Minst 50 miljoner m\u00e4nniskor<\/span><\/a><\/p>\n","protected":false},"author":1,"featured_media":0,"parent":0,"menu_order":0,"comment_status":"closed","ping_status":"open","template":"","meta":{"footnotes":""},"class_list":["post-2","page","type-page","status-publish","hentry"],"_links":{"self":[{"href":"https:\/\/www.noslaves.se\/index.php\/wp-json\/wp\/v2\/pages\/2","targetHints":{"allow":["GET"]}}],"collection":[{"href":"https:\/\/www.noslaves.se\/index.php\/wp-json\/wp\/v2\/pages"}],"about":[{"href":"https:\/\/www.noslaves.se\/index.php\/wp-json\/wp\/v2\/types\/page"}],"author":[{"embeddable":true,"href":"https:\/\/www.noslaves.se\/index.php\/wp-json\/wp\/v2\/users\/1"}],"replies":[{"embeddable":true,"href":"https:\/\/www.noslaves.se\/index.php\/wp-json\/wp\/v2\/comments?post=2"}],"version-history":[{"count":11,"href":"https:\/\/www.noslaves.se\/index.php\/wp-json\/wp\/v2\/pages\/2\/revisions"}],"predecessor-version":[{"id":137,"href":"https:\/\/www.noslaves.se\/index.php\/wp-json\/wp\/v2\/pages\/2\/revisions\/137"}],"wp:attachment":[{"href":"https:\/\/www.noslaves.se\/index.php\/wp-json\/wp\/v2\/media?parent=2"}],"curies":[{"name":"wp","href":"https:\/\/api.w.org\/{rel}","templated":true}]}}